{"id":2087,"date":"2023-08-14T08:02:40","date_gmt":"2023-08-14T08:02:40","guid":{"rendered":"https:\/\/www.fieldobservatory.org\/?page_id=2087"},"modified":"2024-02-21T11:14:58","modified_gmt":"2024-02-21T11:14:58","slug":"anvandare","status":"publish","type":"page","link":"https:\/\/www.fieldobservatory.org\/index.php\/anvandare\/","title":{"rendered":"ANV\u00c4NDARE"},"content":{"rendered":"<div class=\"wp-block-cover-full-width\">\n<div class=\"wp-block-cover is-light o-cover-subpage\"><span aria-hidden=\"true\" class=\"wp-block-cover__background has-background-dim\"><\/span><img loading=\"lazy\" decoding=\"async\" width=\"960\" height=\"638\" class=\"wp-block-cover__image-background wp-image-66\" alt=\"\" src=\"https:\/\/www.fieldobservatory.org\/wp-content\/uploads\/2023\/01\/peltoyhteistyo1q80.jpg\" data-object-fit=\"cover\" srcset=\"https:\/\/www.fieldobservatory.org\/wp-content\/uploads\/2023\/01\/peltoyhteistyo1q80.jpg 960w, https:\/\/www.fieldobservatory.org\/wp-content\/uploads\/2023\/01\/peltoyhteistyo1q80-300x199.jpg 300w, https:\/\/www.fieldobservatory.org\/wp-content\/uploads\/2023\/01\/peltoyhteistyo1q80-768x510.jpg 768w\" sizes=\"(max-width: 960px) 100vw, 960px\" \/><div class=\"wp-block-cover__inner-container is-layout-flow wp-block-cover-is-layout-flow\">\n<p class=\"has-text-align-center has-large-font-size\"><\/p>\n<\/div><\/div>\n<\/div>\n\n\n<div class=\"wp-block-group intro-box-with-link has-background\" style=\"background-color:#71cdb6\"><div class=\"wp-block-group__inner-container is-layout-flow wp-block-group-is-layout-flow\">\n<h2 class=\"wp-block-heading has-text-align-center has-white-color has-text-color\">ANV\u00c4ND FIELD OBSERVATORY<\/h2>\n\n\n\n<p class=\"has-text-align-center h1pc has-white-color has-text-color\">Vill du f\u00f6rst\u00e5 effekterna av odlingsmetoderna som anv\u00e4nds p\u00e5 jordbruksmarker, eller effekterna av sk\u00f6tselmetoder i skogar och i parker? \u00c4r du nyfiken p\u00e5 hur dessa olika ekosystem fungerar? Field Observatory demonstrerar detta, och dessutom fr\u00e4mst i n\u00e4ra realtid.<\/p>\n<\/div><\/div>\n\n\n\n<div class=\"wp-block-group o-page-overlay\"><div class=\"wp-block-group__inner-container is-layout-constrained wp-block-group-is-layout-constrained\">\n<div class=\"wp-block-group is-nowrap is-layout-flex wp-container-core-group-is-layout-2 wp-block-group-is-layout-flex\">\n<div class=\"wp-block-columns is-layout-flex wp-container-core-columns-is-layout-1 wp-block-columns-is-layout-flex\">\n<div class=\"wp-block-column is-layout-flow wp-block-column-is-layout-flow\">\n<h3 class=\"wp-block-heading\">Jordbrukare<\/h3>\n\n\n\n<p class=\"h3pc\">The Field Observatory may supplement your farming knowledge with data from your colleagues\u2019 fields around the country.<\/p>\n<\/div>\n\n\n\n<div class=\"wp-block-column is-layout-flow wp-block-column-is-layout-flow\">\n<h3 class=\"wp-block-heading\">F\u00f6retag<\/h3>\n\n\n\n<p class=\"h3pc\">Du kanske vill utforska effekterna av olika odlingsmetoder p\u00e5 jordbruksmarker, eller andra \u00e5tg\u00e4rder som g\u00f6rs i skogar eller i parker. Field Observatory ger dig ocks\u00e5 en m\u00f6jlighet att f\u00f6lja med \u00e5tg\u00e4rdernas effekter p\u00e5 din egen mark eller p\u00e5 mark som du f\u00f6rvaltar. Om du \u00e4r intresserad av samarbete, v\u00e4nligen kontakta oss.<\/p>\n<\/div>\n<\/div>\n<\/div>\n\n\n\n<div class=\"wp-block-group is-nowrap is-layout-flex wp-container-core-group-is-layout-3 wp-block-group-is-layout-flex\">\n<div class=\"wp-block-columns is-layout-flex wp-container-core-columns-is-layout-2 wp-block-columns-is-layout-flex\">\n<div class=\"wp-block-column is-layout-flow wp-block-column-is-layout-flow\">\n<h3 class=\"wp-block-heading\">Forskare<\/h3>\n\n\n\n<p class=\"h3pc\">Field Observatory och data \u00e4r \u00f6ppen vetenskap, och \u00e4r en del av <a href=\"https:\/\/www.bsag.fi\/sv\/carbon-action\/vetenskap\/\" data-type=\"URL\" data-id=\"https:\/\/www.bsag.fi\/sv\/carbon-action\/vetenskap\/\" target=\"_blank\" rel=\"noreferrer noopener\">Carbon Action-forskningen<\/a>. Om du \u00e4r intresserad av samarbete eller att delta i Carbon Action med din forskning, v\u00e4nligen kontakta oss.<\/p>\n<\/div>\n\n\n\n<div class=\"wp-block-column is-layout-flow wp-block-column-is-layout-flow\">\n<h3 class=\"wp-block-heading\">L\u00e4rare<\/h3>\n\n\n\n<p class=\"h3pc\">Field Observatory ger en inblick i hur olika ekosystem, jordbruksmarker, skogar och parker, fungerar. M\u00e4tningarna och diagrammen kan vara anv\u00e4ndbara i undervisning eller i olika slags \u00f6vningar eftersom de representerar verkliga data om dessa ekosystem.<\/p>\n<\/div>\n<\/div>\n<\/div>\n\n\n\n<div style=\"height:100px\" aria-hidden=\"true\" class=\"wp-block-spacer\"><\/div>\n<\/div><\/div>\n","protected":false},"excerpt":{"rendered":"<p>ANV\u00c4ND FIELD OBSERVATORY Vill du f\u00f6rst\u00e5 effekterna av odlingsmetoderna som anv\u00e4nds p\u00e5 jordbruksmarker, eller effekterna av sk\u00f6tselmetoder i skogar och i parker? \u00c4r du nyfiken p\u00e5 hur dessa olika ekosystem fungerar? Field Observatory demonstrerar detta, och dessutom fr\u00e4mst i n\u00e4ra realtid. Jordbrukare The Field Observatory may supplement your farming knowledge with data from your colleagues\u2019 [&hellip;]<\/p>\n","protected":false},"author":2,"featured_media":0,"parent":0,"menu_order":0,"comment_status":"closed","ping_status":"closed","template":"","meta":{"inline_featured_image":false,"footnotes":""},"_links":{"self":[{"href":"https:\/\/www.fieldobservatory.org\/index.php\/wp-json\/wp\/v2\/pages\/2087"}],"collection":[{"href":"https:\/\/www.fieldobservatory.org\/index.php\/wp-json\/wp\/v2\/pages"}],"about":[{"href":"https:\/\/www.fieldobservatory.org\/index.php\/wp-json\/wp\/v2\/types\/page"}],"author":[{"embeddable":true,"href":"https:\/\/www.fieldobservatory.org\/index.php\/wp-json\/wp\/v2\/users\/2"}],"replies":[{"embeddable":true,"href":"https:\/\/www.fieldobservatory.org\/index.php\/wp-json\/wp\/v2\/comments?post=2087"}],"version-history":[{"count":3,"href":"https:\/\/www.fieldobservatory.org\/index.php\/wp-json\/wp\/v2\/pages\/2087\/revisions"}],"predecessor-version":[{"id":2264,"href":"https:\/\/www.fieldobservatory.org\/index.php\/wp-json\/wp\/v2\/pages\/2087\/revisions\/2264"}],"wp:attachment":[{"href":"https:\/\/www.fieldobservatory.org\/index.php\/wp-json\/wp\/v2\/media?parent=2087"}],"curies":[{"name":"wp","href":"https:\/\/api.w.org\/{rel}","templated":true}]}}